{"id":217,"date":"2013-11-25T10:22:05","date_gmt":"2013-11-25T09:22:05","guid":{"rendered":"http:\/\/www.imboden-el-mech.ch\/newsite\/?page_id=217"},"modified":"2023-01-20T16:33:04","modified_gmt":"2023-01-20T15:33:04","slug":"teileanfertigung","status":"publish","type":"page","link":"https:\/\/www.imboden-el-mech.ch\/?page_id=217","title":{"rendered":"Teileanfertigung"},"content":{"rendered":"\n<div class=\"wp-block-columns is-layout-flex wp-container-core-columns-is-layout-9d6595d7 wp-block-columns-is-layout-flex\">\n<div class=\"wp-block-column is-layout-flow wp-block-column-is-layout-flow\" style=\"flex-basis:33.33%\">\n<figure class=\"wp-block-image size-full\"><a href=\"https:\/\/www.imboden-el-mech.ch\/wp-content\/uploads\/2023\/01\/cncretrofit1.jpg\"><img loading=\"lazy\" decoding=\"async\" width=\"300\" height=\"200\" src=\"https:\/\/www.imboden-el-mech.ch\/wp-content\/uploads\/2023\/01\/cncretrofit1.jpg\" alt=\"\" class=\"wp-image-576\"\/><\/a><\/figure>\n<\/div>\n\n\n\n<div class=\"wp-block-column is-layout-flow wp-block-column-is-layout-flow\" style=\"flex-basis:66.66%\">\n<p><strong>CNC-Retrofit<\/strong><\/p>\n<p>In unserer Werkstatt fertigen wir Teile f\u00fcr Maschinen und Apparate an. F\u00fcr die Erstellung von Prototypen und die Feinverarbeitung von Einzelteilen kommt die 4-Achsen CNC zum Einsatz.<\/p>\n<\/div>\n<\/div>\n\n\n\n<div class=\"wp-block-columns is-layout-flex wp-container-core-columns-is-layout-9d6595d7 wp-block-columns-is-layout-flex\">\n<div class=\"wp-block-column is-layout-flow wp-block-column-is-layout-flow\" style=\"flex-basis:33.33%\">\n<figure class=\"wp-block-image size-full\"><a href=\"https:\/\/www.imboden-el-mech.ch\/wp-content\/uploads\/2013\/11\/cnc_portal.jpg\"><img loading=\"lazy\" decoding=\"async\" width=\"300\" height=\"200\" src=\"https:\/\/www.imboden-el-mech.ch\/wp-content\/uploads\/2013\/11\/cnc_portal.jpg\" alt=\"\" class=\"wp-image-448\"\/><\/a><\/figure>\n<\/div>\n\n\n\n<div class=\"wp-block-column is-layout-flow wp-block-column-is-layout-flow\" style=\"flex-basis:66.66%\">\n<p><strong>CNC-Portalfr\u00e4sen<\/strong><\/p>\n<p>Auf unserer Portalfr\u00e4se stellen wir Montageplatten f\u00fcr Schaltschr\u00e4nke, Abdeckplatten f\u00fcr Elektroschr\u00e4nke und Einzelteile f\u00fcr Konstruktionen her. Die Grobanfertigung gewisser Teile wird mit einem Plasmaschneider durchgef\u00fchrt. Die Gravur von Schildern sowie die Anfertigung von Profil- und Flanschdichtungen ist ebenfalls Aufgabe dieser Maschine. Es l\u00e4sst sich auch Kunststoff-Rohmaterial damit bearbeiten.<\/p>\n<\/div>\n<\/div>\n\n\n\n<div class=\"wp-block-columns is-layout-flex wp-container-core-columns-is-layout-9d6595d7 wp-block-columns-is-layout-flex\">\n<div class=\"wp-block-column is-layout-flow wp-block-column-is-layout-flow\" style=\"flex-basis:33.33%\">\n<figure class=\"wp-block-image size-full\"><a href=\"https:\/\/www.imboden-el-mech.ch\/wp-content\/uploads\/2013\/11\/drehbank.jpg\"><img loading=\"lazy\" decoding=\"async\" width=\"300\" height=\"200\" src=\"https:\/\/www.imboden-el-mech.ch\/wp-content\/uploads\/2013\/11\/drehbank.jpg\" alt=\"\" class=\"wp-image-450\"\/><\/a><\/figure>\n<\/div>\n\n\n\n<div class=\"wp-block-column is-layout-flow wp-block-column-is-layout-flow\" style=\"flex-basis:66.66%\">\n<p><strong>Drehbank konventionell<\/strong><\/p>\n<p>Auf unserer Drehbank f\u00fchren wir Anpassungen an Wellen durch. Das Schneiden von Innen- und Aussengewinden, sowie das&nbsp;Aufspritzen von Lagersitzen wird ebenfalls auf der Drehbank durchgef\u00fchrt. Mit dieser Maschine lassen sich auch Dreh- und Gleichstromrotoren reinigen.<\/p>\n<\/div>\n<\/div>\n\n\n\n<div class=\"wp-block-columns is-layout-flex wp-container-core-columns-is-layout-9d6595d7 wp-block-columns-is-layout-flex\">\n<div class=\"wp-block-column is-layout-flow wp-block-column-is-layout-flow\" style=\"flex-basis:33.33%\">\n<figure class=\"wp-block-image size-full\"><a href=\"https:\/\/www.imboden-el-mech.ch\/wp-content\/uploads\/2023\/01\/drehbankcnc.jpg\"><img loading=\"lazy\" decoding=\"async\" width=\"300\" height=\"200\" src=\"https:\/\/www.imboden-el-mech.ch\/wp-content\/uploads\/2023\/01\/drehbankcnc.jpg\" alt=\"\" class=\"wp-image-579\"\/><\/a><\/figure>\n<\/div>\n\n\n\n<div class=\"wp-block-column is-layout-flow wp-block-column-is-layout-flow\" style=\"flex-basis:66.66%\">\n<p><strong>Drehbank CNC<\/strong><\/p>\n<p>Dank der CNC-gesteuerten Drehbank mit automatischem Werkzeugwechsel lassen sich viele Arbeitsschritte in einem Arbeitsgang erledigen.<\/p>\n<\/div>\n<\/div>\n\n\n\n<div class=\"wp-block-columns is-layout-flex wp-container-core-columns-is-layout-9d6595d7 wp-block-columns-is-layout-flex\">\n<div class=\"wp-block-column is-layout-flow wp-block-column-is-layout-flow\" style=\"flex-basis:33.33%\">\n<figure class=\"wp-block-image size-full\"><a href=\"https:\/\/www.imboden-el-mech.ch\/wp-content\/uploads\/2023\/01\/biegemaschine.jpg\"><img loading=\"lazy\" decoding=\"async\" width=\"300\" height=\"200\" src=\"https:\/\/www.imboden-el-mech.ch\/wp-content\/uploads\/2023\/01\/biegemaschine.jpg\" alt=\"\" class=\"wp-image-580\"\/><\/a><\/figure>\n<\/div>\n\n\n\n<div class=\"wp-block-column is-layout-flow wp-block-column-is-layout-flow\" style=\"flex-basis:66.66%\">\n<p><strong>Biegemaschine<\/strong><\/p>\n<p>Verschiedene Blechgr\u00f6ssen und -dicken lassen sich auf ihre gew\u00fcnschten Winkel biegen.<\/p>\n<\/div>\n<\/div>\n\n\n\n<div class=\"wp-block-columns is-layout-flex wp-container-core-columns-is-layout-9d6595d7 wp-block-columns-is-layout-flex\">\n<div class=\"wp-block-column is-layout-flow wp-block-column-is-layout-flow\" style=\"flex-basis:33.33%\">\n<figure class=\"wp-block-image size-full\"><a href=\"https:\/\/www.imboden-el-mech.ch\/wp-content\/uploads\/2023\/01\/bandsaege.jpg\"><img loading=\"lazy\" decoding=\"async\" width=\"300\" height=\"200\" src=\"https:\/\/www.imboden-el-mech.ch\/wp-content\/uploads\/2023\/01\/bandsaege.jpg\" alt=\"\" class=\"wp-image-581\"\/><\/a><\/figure>\n<\/div>\n\n\n\n<div class=\"wp-block-column is-layout-flow wp-block-column-is-layout-flow\" style=\"flex-basis:66.66%\">\n<p><strong>Bands\u00e4ge<\/strong><\/p>\n<p>Wellen, Rohre und weitere Eisenprofile lassen sich auf der grossen Bands\u00e4ge durchtrennen.<\/p>\n<\/div>\n<\/div>\n\n\n\n<div class=\"wp-block-columns is-layout-flex wp-container-core-columns-is-layout-9d6595d7 wp-block-columns-is-layout-flex\">\n<div class=\"wp-block-column is-layout-flow wp-block-column-is-layout-flow\" style=\"flex-basis:33.33%\">\n<figure class=\"wp-block-image size-full\"><a href=\"https:\/\/www.imboden-el-mech.ch\/wp-content\/uploads\/2023\/01\/blechschere.jpg\"><img loading=\"lazy\" decoding=\"async\" width=\"300\" height=\"200\" src=\"https:\/\/www.imboden-el-mech.ch\/wp-content\/uploads\/2023\/01\/blechschere.jpg\" alt=\"\" class=\"wp-image-582\"\/><\/a><\/figure>\n<\/div>\n\n\n\n<div class=\"wp-block-column is-layout-flow wp-block-column-is-layout-flow\" style=\"flex-basis:66.66%\">\n<p><strong>Blechschere<\/strong><\/p>\n<p>Blechplatten verschiedener Dicken k\u00f6nnen auf der Blechschere geschnitten werden.<\/p>\n<\/div>\n<\/div>\n\n\n\n<div class=\"wp-block-columns is-layout-flex wp-container-core-columns-is-layout-9d6595d7 wp-block-columns-is-layout-flex\">\n<div class=\"wp-block-column is-layout-flow wp-block-column-is-layout-flow\" style=\"flex-basis:33.33%\">\n<figure class=\"wp-block-image size-full\"><a href=\"https:\/\/www.imboden-el-mech.ch\/wp-content\/uploads\/2023\/01\/hurcocnc.jpg\"><img loading=\"lazy\" decoding=\"async\" width=\"300\" height=\"200\" src=\"https:\/\/www.imboden-el-mech.ch\/wp-content\/uploads\/2023\/01\/hurcocnc.jpg\" alt=\"\" class=\"wp-image-583\"\/><\/a><\/figure>\n<\/div>\n\n\n\n<div class=\"wp-block-column is-layout-flow wp-block-column-is-layout-flow\" style=\"flex-basis:66.66%\">\n<p><strong>CNC Bohr- und Fr\u00e4smaschine<\/strong><\/p>\n<p>Dank der CNC-gesteuerten Maschine mit automatischem Werkzeugwechsel lassen sich z.B. Bohrungen und Gewinde in einem Arbeitsgang anfertigen.<\/p>\n<p><a href=\"https:\/\/www.imboden-el-mech.ch\/?page_id=217\">zum Seitenanfang<\/a><\/p>\n<\/div>\n<\/div>\n","protected":false},"excerpt":{"rendered":"<p>CNC-Retrofit In unserer Werkstatt fertigen wir Teile f\u00fcr Maschinen und Apparate an. F\u00fcr die Erstellung von Prototypen und die Feinverarbeitung von Einzelteilen kommt die 4-Achsen CNC zum Einsatz. CNC-Portalfr\u00e4sen Auf unserer Portalfr\u00e4se stellen wir Montageplatten f\u00fcr Schaltschr\u00e4nke, Abdeckplatten f\u00fcr Elektroschr\u00e4nke und Einzelteile f\u00fcr Konstruktionen her. Die Grobanfertigung gewisser Teile wird mit einem Plasmaschneider durchgef\u00fchrt. Die &hellip; <a href=\"https:\/\/www.imboden-el-mech.ch\/?page_id=217\" class=\"more-link\"><span class=\"screen-reader-text\">Teileanfertigung<\/span> weiterlesen <span class=\"meta-nav\">&rarr;<\/span><\/a><\/p>\n","protected":false},"author":2,"featured_media":0,"parent":10,"menu_order":2,"comment_status":"closed","ping_status":"closed","template":"","meta":{"footnotes":""},"class_list":["post-217","page","type-page","status-publish","hentry"],"_links":{"self":[{"href":"https:\/\/www.imboden-el-mech.ch\/index.php?rest_route=\/wp\/v2\/pages\/217","targetHints":{"allow":["GET"]}}],"collection":[{"href":"https:\/\/www.imboden-el-mech.ch\/index.php?rest_route=\/wp\/v2\/pages"}],"about":[{"href":"https:\/\/www.imboden-el-mech.ch\/index.php?rest_route=\/wp\/v2\/types\/page"}],"author":[{"embeddable":true,"href":"https:\/\/www.imboden-el-mech.ch\/index.php?rest_route=\/wp\/v2\/users\/2"}],"replies":[{"embeddable":true,"href":"https:\/\/www.imboden-el-mech.ch\/index.php?rest_route=%2Fwp%2Fv2%2Fcomments&post=217"}],"version-history":[{"count":9,"href":"https:\/\/www.imboden-el-mech.ch\/index.php?rest_route=\/wp\/v2\/pages\/217\/revisions"}],"predecessor-version":[{"id":658,"href":"https:\/\/www.imboden-el-mech.ch\/index.php?rest_route=\/wp\/v2\/pages\/217\/revisions\/658"}],"up":[{"embeddable":true,"href":"https:\/\/www.imboden-el-mech.ch\/index.php?rest_route=\/wp\/v2\/pages\/10"}],"wp:attachment":[{"href":"https:\/\/www.imboden-el-mech.ch\/index.php?rest_route=%2Fwp%2Fv2%2Fmedia&parent=217"}],"curies":[{"name":"wp","href":"https:\/\/api.w.org\/{rel}","templated":true}]}}