{"id":259,"date":"2013-11-25T15:10:36","date_gmt":"2013-11-25T13:10:36","guid":{"rendered":"http:\/\/www.imboden-el-mech.ch\/newsite\/?page_id=259"},"modified":"2023-01-20T16:37:25","modified_gmt":"2023-01-20T15:37:25","slug":"pumpanlagen","status":"publish","type":"page","link":"https:\/\/www.imboden-el-mech.ch\/?page_id=259","title":{"rendered":"Pumpanlagen"},"content":{"rendered":"\n<div class=\"wp-block-columns is-layout-flex wp-container-core-columns-is-layout-9d6595d7 wp-block-columns-is-layout-flex\">\n<div class=\"wp-block-column is-layout-flow wp-block-column-is-layout-flow\" style=\"flex-basis:33.33%\">\n<figure class=\"wp-block-image size-full\"><a href=\"https:\/\/www.imboden-el-mech.ch\/wp-content\/uploads\/2023\/01\/schrankmitfu.jpg\"><img loading=\"lazy\" decoding=\"async\" width=\"300\" height=\"200\" src=\"https:\/\/www.imboden-el-mech.ch\/wp-content\/uploads\/2023\/01\/schrankmitfu.jpg\" alt=\"\" class=\"wp-image-636\"\/><\/a><\/figure>\n<\/div>\n\n\n\n<div class=\"wp-block-column is-layout-flow wp-block-column-is-layout-flow\" style=\"flex-basis:66.66%\">\n<p><strong>Entw\u00e4sserung<\/strong><\/p>\n<p>Ob in Unterf\u00fchrungen oder Tunnel, unsere Schmutzwasserf\u00f6rderanlagen k\u00f6nnen universell eingesetzt werden. Wir berechnen f\u00fcr Sie die optimale Pumpe mit der bestm\u00f6glichsten Energieeffizienz, liefern, installieren und nehmen Diese in Betrieb. Im Zusammenhang mit einer SPS-Steuerung k\u00f6nnen Wasserniveau, Druck und Motorschutzschalter \u00fcberwacht werden. Im Fehlerfall k\u00f6nnen die Verantwortlichen mittels SMS-Meldung kontaktiert werden.<\/p>\n<\/div>\n<\/div>\n\n\n\n<div class=\"wp-block-columns is-layout-flex wp-container-core-columns-is-layout-9d6595d7 wp-block-columns-is-layout-flex\">\n<div class=\"wp-block-column is-layout-flow wp-block-column-is-layout-flow\" style=\"flex-basis:33.33%\">\n<figure class=\"wp-block-image size-full\"><a href=\"https:\/\/www.imboden-el-mech.ch\/wp-content\/uploads\/2023\/01\/pumpenhwschutz.jpg\"><img loading=\"lazy\" decoding=\"async\" width=\"300\" height=\"200\" src=\"https:\/\/www.imboden-el-mech.ch\/wp-content\/uploads\/2023\/01\/pumpenhwschutz.jpg\" alt=\"\" class=\"wp-image-598\"\/><\/a><\/figure>\n<\/div>\n\n\n\n<div class=\"wp-block-column is-layout-flow wp-block-column-is-layout-flow\" style=\"flex-basis:66.66%\">\n<p><strong>Axiale F\u00f6rderpumpen f\u00fcr Hochwasserschutz<\/strong><\/p>\n<p>Wenn ein Hauptfluss Hochwasser f\u00fchrt, besteht f\u00fcr einm\u00fcndende Fl\u00fcsse oft die Gefahr, dass sie nicht mehr richtig abfliessen k\u00f6nnen. Folglich steigt der Wasserpegel an und f\u00fchrt zu \u00dcberflutungen von Wohnsiedlungen. Um den Abfluss eines einm\u00fcndenden Flusses zu gew\u00e4hrleisten, wird er mittels Wehr vom Hauptfluss abgeschottet, damit das Wasser vom Hauptfluss nicht mehr zur\u00fcckfliessen kann. Das Wasser im einm\u00fcndenden Fluss wird in einem Pumpenschacht gesammelt und mittels Pumpen hinter das Wehr in den Hauptfluss bef\u00f6rdert.<\/p>\n<\/div>\n<\/div>\n\n\n\n<div class=\"wp-block-columns is-layout-flex wp-container-core-columns-is-layout-9d6595d7 wp-block-columns-is-layout-flex\">\n<div class=\"wp-block-column is-layout-flow wp-block-column-is-layout-flow\" style=\"flex-basis:33.33%\">\n<figure class=\"wp-block-image size-full\"><a href=\"https:\/\/www.imboden-el-mech.ch\/wp-content\/uploads\/2023\/01\/pumpenueberwachung.jpg\"><img loading=\"lazy\" decoding=\"async\" width=\"300\" height=\"200\" src=\"https:\/\/www.imboden-el-mech.ch\/wp-content\/uploads\/2023\/01\/pumpenueberwachung.jpg\" alt=\"\" class=\"wp-image-607\"\/><\/a><\/figure>\n<\/div>\n\n\n\n<div class=\"wp-block-column is-layout-flow wp-block-column-is-layout-flow\" style=\"flex-basis:66.66%\">\n<p>Die Pumpen m\u00fcssen meist viel Wasser auf geringe H\u00f6he heben. Da pro Pumpe schnell einmal bis zu 1&#8217;000 Liter Wasser pro Sekunde gef\u00f6rdert wird, muss der Betrieb mit verschiedenen Sicherheitseinrichtungen auf Aggregat- und Konstruktionsbruch \u00fcberwacht werden.<\/p>\n<\/div>\n<\/div>\n\n\n\n<div class=\"wp-block-columns is-layout-flex wp-container-core-columns-is-layout-9d6595d7 wp-block-columns-is-layout-flex\">\n<div class=\"wp-block-column is-layout-flow wp-block-column-is-layout-flow\" style=\"flex-basis:33.33%\">\n<figure class=\"wp-block-image size-full\"><a href=\"https:\/\/www.imboden-el-mech.ch\/wp-content\/uploads\/2013\/11\/pumpe_sand.jpg\"><img loading=\"lazy\" decoding=\"async\" width=\"300\" height=\"200\" src=\"https:\/\/www.imboden-el-mech.ch\/wp-content\/uploads\/2013\/11\/pumpe_sand.jpg\" alt=\"\" class=\"wp-image-403\"\/><\/a><\/figure>\n<\/div>\n\n\n\n<div class=\"wp-block-column is-layout-flow wp-block-column-is-layout-flow\" style=\"flex-basis:66.66%\">\n<p><strong>Individuelle Applikation<\/strong><\/p>\n<p>Sie m\u00f6chten\u00a0die Pumpe einer bestehenden Anlage ersetzen, es gibt aber keinen Ersatz mehr auf dem Markt? Kein Problem! Wir berechnen die\u00a0optimale Pumpe f\u00fcr den gew\u00fcnschten Einsatz und liefern Diese auf einer eigens angefertigten Konsole. Optional bieten wir auch Pumpen mit aufgebautem Frequenzumformer an. Wird die Pumpe in einer Kiesaufbereitungsanlage o.\u00e4. betrieben, kann Diese mittels Drehzahlanpassung optimal in den bestehenden Wasserhaushalt eingebunden werden. Es lassen sich auch F\u00fcllstandsapplikationen direkt auf dem Frequenzumformer realisieren, wie z.B. Drehzahlregelung der Pumpe anhand des Beckenf\u00fcllstandes. Somit entf\u00e4llt eine softwareseitige Anpassung\u00a0einer bereits automatisierten Anlage.<\/p>\n<p><a href=\"https:\/\/www.imboden-el-mech.ch\/?page_id=259\">zum Seitenanfang<\/a><\/p>\n<\/div>\n<\/div>\n","protected":false},"excerpt":{"rendered":"<p>Entw\u00e4sserung Ob in Unterf\u00fchrungen oder Tunnel, unsere Schmutzwasserf\u00f6rderanlagen k\u00f6nnen universell eingesetzt werden. Wir berechnen f\u00fcr Sie die optimale Pumpe mit der bestm\u00f6glichsten Energieeffizienz, liefern, installieren und nehmen Diese in Betrieb. Im Zusammenhang mit einer SPS-Steuerung k\u00f6nnen Wasserniveau, Druck und Motorschutzschalter \u00fcberwacht werden. Im Fehlerfall k\u00f6nnen die Verantwortlichen mittels SMS-Meldung kontaktiert werden. Axiale F\u00f6rderpumpen f\u00fcr Hochwasserschutz &hellip; <a href=\"https:\/\/www.imboden-el-mech.ch\/?page_id=259\" class=\"more-link\"><span class=\"screen-reader-text\">Pumpanlagen<\/span> weiterlesen <span class=\"meta-nav\">&rarr;<\/span><\/a><\/p>\n","protected":false},"author":2,"featured_media":0,"parent":10,"menu_order":7,"comment_status":"closed","ping_status":"open","template":"","meta":{"footnotes":""},"class_list":["post-259","page","type-page","status-publish","hentry"],"_links":{"self":[{"href":"https:\/\/www.imboden-el-mech.ch\/index.php?rest_route=\/wp\/v2\/pages\/259","targetHints":{"allow":["GET"]}}],"collection":[{"href":"https:\/\/www.imboden-el-mech.ch\/index.php?rest_route=\/wp\/v2\/pages"}],"about":[{"href":"https:\/\/www.imboden-el-mech.ch\/index.php?rest_route=\/wp\/v2\/types\/page"}],"author":[{"embeddable":true,"href":"https:\/\/www.imboden-el-mech.ch\/index.php?rest_route=\/wp\/v2\/users\/2"}],"replies":[{"embeddable":true,"href":"https:\/\/www.imboden-el-mech.ch\/index.php?rest_route=%2Fwp%2Fv2%2Fcomments&post=259"}],"version-history":[{"count":14,"href":"https:\/\/www.imboden-el-mech.ch\/index.php?rest_route=\/wp\/v2\/pages\/259\/revisions"}],"predecessor-version":[{"id":663,"href":"https:\/\/www.imboden-el-mech.ch\/index.php?rest_route=\/wp\/v2\/pages\/259\/revisions\/663"}],"up":[{"embeddable":true,"href":"https:\/\/www.imboden-el-mech.ch\/index.php?rest_route=\/wp\/v2\/pages\/10"}],"wp:attachment":[{"href":"https:\/\/www.imboden-el-mech.ch\/index.php?rest_route=%2Fwp%2Fv2%2Fmedia&parent=259"}],"curies":[{"name":"wp","href":"https:\/\/api.w.org\/{rel}","templated":true}]}}