{"id":553,"date":"2022-11-14T14:39:38","date_gmt":"2022-11-14T13:39:38","guid":{"rendered":"https:\/\/www.imboden-el-mech.ch\/?page_id=553"},"modified":"2023-01-20T16:39:27","modified_gmt":"2023-01-20T15:39:27","slug":"beitraege","status":"publish","type":"page","link":"https:\/\/www.imboden-el-mech.ch\/?page_id=553","title":{"rendered":"Beitr\u00e4ge"},"content":{"rendered":"\n<p><\/p>\n\n\n<ul class=\"wp-block-latest-posts__list has-dates wp-block-latest-posts\"><li><div class=\"wp-block-latest-posts__featured-image alignleft\"><img loading=\"lazy\" decoding=\"async\" width=\"150\" height=\"150\" src=\"https:\/\/www.imboden-el-mech.ch\/wp-content\/uploads\/2024\/02\/IMG_9090-150x150.jpeg\" class=\"attachment-thumbnail size-thumbnail wp-post-image\" alt=\"\" style=\"\" \/><\/div><a class=\"wp-block-latest-posts__post-title\" href=\"https:\/\/www.imboden-el-mech.ch\/?p=689\">Ladestation f\u00fcr Elektrofahrzeuge<\/a><time datetime=\"2024-02-09T09:14:47+01:00\" class=\"wp-block-latest-posts__post-date\">9. Februar 2024<\/time><div class=\"wp-block-latest-posts__post-excerpt\">An unserem zweiten Standort steht ab sofort eine Ladestation f\u00fcr das Aufladen von Elektrofahrzeugen zur Verf\u00fcgung. Die Ladeleistung betr\u00e4gt 22 kW, bei Belegung beider Ladepl\u00e4tze 11 kW. Die Station kann von allen Nutzern ben\u00fctzt werden, da Ad-Hoc-Laden per Kreditkarte durch &hellip; <a href=\"https:\/\/www.imboden-el-mech.ch\/?p=689\" class=\"more-link\"><span class=\"screen-reader-text\">Ladestation f\u00fcr Elektrofahrzeuge<\/span> weiterlesen <span class=\"meta-nav\">&rarr;<\/span><\/a><\/div><\/li>\n<li><div class=\"wp-block-latest-posts__featured-image alignleft\"><img loading=\"lazy\" decoding=\"async\" width=\"150\" height=\"150\" src=\"https:\/\/www.imboden-el-mech.ch\/wp-content\/uploads\/2023\/03\/hubsenktor-150x150.jpg\" class=\"attachment-thumbnail size-thumbnail wp-post-image\" alt=\"\" style=\"\" \/><\/div><a class=\"wp-block-latest-posts__post-title\" href=\"https:\/\/www.imboden-el-mech.ch\/?p=679\">Hubtore Seilbahn Klein Matterhorn<\/a><time datetime=\"2023-03-09T08:44:48+01:00\" class=\"wp-block-latest-posts__post-date\">9. M\u00e4rz 2023<\/time><div class=\"wp-block-latest-posts__post-excerpt\">F\u00fcr unseren Partner Stahleinbau GmbH erstellen wir eine Steuerung f\u00fcr die Bet\u00e4tigung der Hubtore in der Bergstation Klein Matterhorn. Nach Ausserbetriebnahme der Bahn werden die Tore der Ein- und Ausfahrt hochgefahren, um das Innere der Bergstation vor Witterungseinfl\u00fcssen zu sch\u00fctzen. &hellip; <a href=\"https:\/\/www.imboden-el-mech.ch\/?p=679\" class=\"more-link\"><span class=\"screen-reader-text\">Hubtore Seilbahn Klein Matterhorn<\/span> weiterlesen <span class=\"meta-nav\">&rarr;<\/span><\/a><\/div><\/li>\n<li><div class=\"wp-block-latest-posts__featured-image alignleft\"><img loading=\"lazy\" decoding=\"async\" width=\"150\" height=\"150\" src=\"https:\/\/www.imboden-el-mech.ch\/wp-content\/uploads\/2023\/01\/zeneistenbeleuchtung-150x150.jpg\" class=\"attachment-thumbnail size-thumbnail wp-post-image\" alt=\"\" style=\"\" \/><\/div><a class=\"wp-block-latest-posts__post-title\" href=\"https:\/\/www.imboden-el-mech.ch\/?p=613\">Neue Strassenbeleuchtung f\u00fcr Eisten<\/a><time datetime=\"2023-01-13T10:30:19+01:00\" class=\"wp-block-latest-posts__post-date\">13. Januar 2023<\/time><div class=\"wp-block-latest-posts__post-excerpt\">Viele Gemeinden setzen aus energietechnischen Gr\u00fcnden auf LED-Strassenbeleuchtung, so auch die Gemeinde Eisten. Zur Ausleuchtung der Kantonsstrasse im Innerorts-Bereich wurden LED-Laternen in warmweisser Ausf\u00fchrung aufgestellt. Diese strahlen auf die Fahrbahn und stellen das Licht dort zur Verf\u00fcgung wo es ben\u00f6tigt &hellip; <a href=\"https:\/\/www.imboden-el-mech.ch\/?p=613\" class=\"more-link\"><span class=\"screen-reader-text\">Neue Strassenbeleuchtung f\u00fcr Eisten<\/span> weiterlesen <span class=\"meta-nav\">&rarr;<\/span><\/a><\/div><\/li>\n<li><div class=\"wp-block-latest-posts__featured-image alignleft\"><img loading=\"lazy\" decoding=\"async\" width=\"150\" height=\"150\" src=\"https:\/\/www.imboden-el-mech.ch\/wp-content\/uploads\/2022\/11\/WallboxTesla-150x150.jpg\" class=\"attachment-thumbnail size-thumbnail wp-post-image\" alt=\"\" style=\"\" \/><\/div><a class=\"wp-block-latest-posts__post-title\" href=\"https:\/\/www.imboden-el-mech.ch\/?p=563\">Ladestation f\u00fcr Mitarbeiter<\/a><time datetime=\"2022-11-14T15:11:00+01:00\" class=\"wp-block-latest-posts__post-date\">14. November 2022<\/time><div class=\"wp-block-latest-posts__post-excerpt\">Aufgrund Elektrifizierung der Firmenfahrzeuge errichtet die Firma ihre eigene Ladestation. Die Energie f\u00fcr die Fahrzeuge wird gr\u00f6sstenteils mittels Photovoltaik-Anlage auf dem eigenen Dach produziert. Die Firma stellt die Ladestation zus\u00e4tzlich ihren Mitarbeitern zur Verf\u00fcgung. Somit l\u00e4sst sich das Privatfahrzeug w\u00e4hrend &hellip; <a href=\"https:\/\/www.imboden-el-mech.ch\/?p=563\" class=\"more-link\"><span class=\"screen-reader-text\">Ladestation f\u00fcr Mitarbeiter<\/span> weiterlesen <span class=\"meta-nav\">&rarr;<\/span><\/a><\/div><\/li>\n<li><div class=\"wp-block-latest-posts__featured-image alignleft\"><img loading=\"lazy\" decoding=\"async\" width=\"150\" height=\"150\" src=\"https:\/\/www.imboden-el-mech.ch\/wp-content\/uploads\/2022\/11\/TeslaY-150x150.jpeg\" class=\"attachment-thumbnail size-thumbnail wp-post-image\" alt=\"\" style=\"\" \/><\/div><a class=\"wp-block-latest-posts__post-title\" href=\"https:\/\/www.imboden-el-mech.ch\/?p=543\">Elektrifizierung der Fahrzeugflotte<\/a><time datetime=\"2022-11-09T16:59:54+01:00\" class=\"wp-block-latest-posts__post-date\">9. November 2022<\/time><div class=\"wp-block-latest-posts__post-excerpt\">Eines unser Firmenfahrzeuge ist in die Jahre gekommen und musste ersetzt werden. Durch den Erwerb eines Tesla Model X setzte unsere Firma Ende 2019 den Spatenstich f\u00fcr die Elektromobilit\u00e4t. Unser Pr\u00e4sident und Aussendienstmitarbeiter eignete sich ein grosses Wissen in der &hellip; <a href=\"https:\/\/www.imboden-el-mech.ch\/?p=543\" class=\"more-link\"><span class=\"screen-reader-text\">Elektrifizierung der Fahrzeugflotte<\/span> weiterlesen <span class=\"meta-nav\">&rarr;<\/span><\/a><\/div><\/li>\n<\/ul>\n\n<p><a href=\"https:\/\/www.imboden-el-mech.ch\/?page_id=553\">zum Seitenanfang<\/a><\/p>","protected":false},"excerpt":{"rendered":"<p>zum Seitenanfang<\/p>\n","protected":false},"author":1,"featured_media":0,"parent":0,"menu_order":0,"comment_status":"closed","ping_status":"closed","template":"","meta":{"footnotes":""},"class_list":["post-553","page","type-page","status-publish","hentry"],"_links":{"self":[{"href":"https:\/\/www.imboden-el-mech.ch\/index.php?rest_route=\/wp\/v2\/pages\/553","targetHints":{"allow":["GET"]}}],"collection":[{"href":"https:\/\/www.imboden-el-mech.ch\/index.php?rest_route=\/wp\/v2\/pages"}],"about":[{"href":"https:\/\/www.imboden-el-mech.ch\/index.php?rest_route=\/wp\/v2\/types\/page"}],"author":[{"embeddable":true,"href":"https:\/\/www.imboden-el-mech.ch\/index.php?rest_route=\/wp\/v2\/users\/1"}],"replies":[{"embeddable":true,"href":"https:\/\/www.imboden-el-mech.ch\/index.php?rest_route=%2Fwp%2Fv2%2Fcomments&post=553"}],"version-history":[{"count":9,"href":"https:\/\/www.imboden-el-mech.ch\/index.php?rest_route=\/wp\/v2\/pages\/553\/revisions"}],"predecessor-version":[{"id":666,"href":"https:\/\/www.imboden-el-mech.ch\/index.php?rest_route=\/wp\/v2\/pages\/553\/revisions\/666"}],"wp:attachment":[{"href":"https:\/\/www.imboden-el-mech.ch\/index.php?rest_route=%2Fwp%2Fv2%2Fmedia&parent=553"}],"curies":[{"name":"wp","href":"https:\/\/api.w.org\/{rel}","templated":true}]}}

Beiträge

<p></p>


<ul class="wp-block-latest-posts__list has-dates wp-block-latest-posts"><li><div class="wp-block-latest-posts__featured-image alignleft"><img loading="lazy" decoding="async" width="150" height="150" src="https://www.imboden-el-mech.ch/wp-content/uploads/2024/02/IMG_9090-150x150.jpeg" class="attachment-thumbnail size-thumbnail wp-post-image" alt="" style="" /></div><a class="wp-block-latest-posts__post-title" href="https://www.imboden-el-mech.ch/?p=689">Ladestation für Elektrofahrzeuge</a><time datetime="2024-02-09T09:14:47+01:00" class="wp-block-latest-posts__post-date">9. Februar 2024</time><div class="wp-block-latest-posts__post-excerpt">An unserem zweiten Standort steht ab sofort eine Ladestation für das Aufladen von Elektrofahrzeugen zur Verfügung. Die Ladeleistung beträgt 22 kW, bei Belegung beider Ladeplätze 11 kW. Die Station kann von allen Nutzern benützt werden, da Ad-Hoc-Laden per Kreditkarte durch &hellip; <a href="https://www.imboden-el-mech.ch/?p=689" class="more-link"><span class="screen-reader-text">Ladestation für Elektrofahrzeuge</span> weiterlesen <span class="meta-nav">&rarr;</span></a></div></li>
<li><div class="wp-block-latest-posts__featured-image alignleft"><img loading="lazy" decoding="async" width="150" height="150" src="https://www.imboden-el-mech.ch/wp-content/uploads/2023/03/hubsenktor-150x150.jpg" class="attachment-thumbnail size-thumbnail wp-post-image" alt="" style="" /></div><a class="wp-block-latest-posts__post-title" href="https://www.imboden-el-mech.ch/?p=679">Hubtore Seilbahn Klein Matterhorn</a><time datetime="2023-03-09T08:44:48+01:00" class="wp-block-latest-posts__post-date">9. März 2023</time><div class="wp-block-latest-posts__post-excerpt">Für unseren Partner Stahleinbau GmbH erstellen wir eine Steuerung für die Betätigung der Hubtore in der Bergstation Klein Matterhorn. Nach Ausserbetriebnahme der Bahn werden die Tore der Ein- und Ausfahrt hochgefahren, um das Innere der Bergstation vor Witterungseinflüssen zu schützen. &hellip; <a href="https://www.imboden-el-mech.ch/?p=679" class="more-link"><span class="screen-reader-text">Hubtore Seilbahn Klein Matterhorn</span> weiterlesen <span class="meta-nav">&rarr;</span></a></div></li>
<li><div class="wp-block-latest-posts__featured-image alignleft"><img loading="lazy" decoding="async" width="150" height="150" src="https://www.imboden-el-mech.ch/wp-content/uploads/2023/01/zeneistenbeleuchtung-150x150.jpg" class="attachment-thumbnail size-thumbnail wp-post-image" alt="" style="" /></div><a class="wp-block-latest-posts__post-title" href="https://www.imboden-el-mech.ch/?p=613">Neue Strassenbeleuchtung für Eisten</a><time datetime="2023-01-13T10:30:19+01:00" class="wp-block-latest-posts__post-date">13. Januar 2023</time><div class="wp-block-latest-posts__post-excerpt">Viele Gemeinden setzen aus energietechnischen Gründen auf LED-Strassenbeleuchtung, so auch die Gemeinde Eisten. Zur Ausleuchtung der Kantonsstrasse im Innerorts-Bereich wurden LED-Laternen in warmweisser Ausführung aufgestellt. Diese strahlen auf die Fahrbahn und stellen das Licht dort zur Verfügung wo es benötigt &hellip; <a href="https://www.imboden-el-mech.ch/?p=613" class="more-link"><span class="screen-reader-text">Neue Strassenbeleuchtung für Eisten</span> weiterlesen <span class="meta-nav">&rarr;</span></a></div></li>
<li><div class="wp-block-latest-posts__featured-image alignleft"><img loading="lazy" decoding="async" width="150" height="150" src="https://www.imboden-el-mech.ch/wp-content/uploads/2022/11/WallboxTesla-150x150.jpg" class="attachment-thumbnail size-thumbnail wp-post-image" alt="" style="" /></div><a class="wp-block-latest-posts__post-title" href="https://www.imboden-el-mech.ch/?p=563">Ladestation für Mitarbeiter</a><time datetime="2022-11-14T15:11:00+01:00" class="wp-block-latest-posts__post-date">14. November 2022</time><div class="wp-block-latest-posts__post-excerpt">Aufgrund Elektrifizierung der Firmenfahrzeuge errichtet die Firma ihre eigene Ladestation. Die Energie für die Fahrzeuge wird grösstenteils mittels Photovoltaik-Anlage auf dem eigenen Dach produziert. Die Firma stellt die Ladestation zusätzlich ihren Mitarbeitern zur Verfügung. Somit lässt sich das Privatfahrzeug während &hellip; <a href="https://www.imboden-el-mech.ch/?p=563" class="more-link"><span class="screen-reader-text">Ladestation für Mitarbeiter</span> weiterlesen <span class="meta-nav">&rarr;</span></a></div></li>
<li><div class="wp-block-latest-posts__featured-image alignleft"><img loading="lazy" decoding="async" width="150" height="150" src="https://www.imboden-el-mech.ch/wp-content/uploads/2022/11/TeslaY-150x150.jpeg" class="attachment-thumbnail size-thumbnail wp-post-image" alt="" style="" /></div><a class="wp-block-latest-posts__post-title" href="https://www.imboden-el-mech.ch/?p=543">Elektrifizierung der Fahrzeugflotte</a><time datetime="2022-11-09T16:59:54+01:00" class="wp-block-latest-posts__post-date">9. November 2022</time><div class="wp-block-latest-posts__post-excerpt">Eines unser Firmenfahrzeuge ist in die Jahre gekommen und musste ersetzt werden. Durch den Erwerb eines Tesla Model X setzte unsere Firma Ende 2019 den Spatenstich für die Elektromobilität. Unser Präsident und Aussendienstmitarbeiter eignete sich ein grosses Wissen in der &hellip; <a href="https://www.imboden-el-mech.ch/?p=543" class="more-link"><span class="screen-reader-text">Elektrifizierung der Fahrzeugflotte</span> weiterlesen <span class="meta-nav">&rarr;</span></a></div></li>
</ul>

<p><a href="https://www.imboden-el-mech.ch/?page_id=553">zum Seitenanfang</a></p>
